{"id":225,"date":"2015-03-30T11:20:53","date_gmt":"2015-03-30T11:20:53","guid":{"rendered":"http:\/\/activity.se\/skola\/?page_id=225"},"modified":"2015-04-15T10:39:29","modified_gmt":"2015-04-15T10:39:29","slug":"jobba-med-oss","status":"publish","type":"page","link":"https:\/\/activity.se\/skola\/jobba-med-oss\/","title":{"rendered":"Jobba med oss"},"content":{"rendered":"<div class='flex_column av-av_one_full-2a9015ff38129c418a3f2eafba3e9512 av_one_full  avia-builder-el-0  el_before_av_heading  avia-builder-el-first  first flex_column_div '     ><style type=\"text\/css\" data-created_by=\"avia_inline_auto\" id=\"style-css-av-av_image-d37d9f1f9308e2309b9f4f7c2cd6a354\">\n.avia-image-container.av-av_image-d37d9f1f9308e2309b9f4f7c2cd6a354 img.avia_image{\nbox-shadow:none;\n}\n.avia-image-container.av-av_image-d37d9f1f9308e2309b9f4f7c2cd6a354 .av-caption-image-overlay-bg{\nopacity:0.6;\nbackground-color:#0a0a0a;\n}\n.avia-image-container.av-av_image-d37d9f1f9308e2309b9f4f7c2cd6a354 .av-image-caption-overlay-center{\ncolor:#ffffff;\nfont-size:40px;\n}\n<\/style>\n<div  class='avia-image-container av-av_image-d37d9f1f9308e2309b9f4f7c2cd6a354 av-styling- avia-align-center  avia-builder-el-1  avia-builder-el-no-sibling  noHover av-overlay-hover-deactivate'   itemprop=\"image\" itemscope=\"itemscope\" itemtype=\"https:\/\/schema.org\/ImageObject\" ><div class=\"avia-image-container-inner\"><div class=\"avia-image-overlay-wrap\"><div class=\"av-image-caption-overlay\"><div class=\"av-caption-image-overlay-bg\"><\/div><div class=\"av-image-caption-overlay-position\"><div class=\"av-image-caption-overlay-center\"><h1>Jobb med oss<\/h1>\n<\/div><\/div><\/div><img class='wp-image-228 avia-img-lazy-loading-not-228 avia_image ' src='https:\/\/activity.se\/skola\/wp-content\/uploads\/2015\/03\/slide12.jpg' alt='' title='slide1'  height=\"498\" width=\"2000\"  itemprop=\"thumbnailUrl\"  \/><\/div><\/div><\/div><\/div>\n\n<style type=\"text\/css\" data-created_by=\"avia_inline_auto\" id=\"style-css-av-av_heading-7332d2eed557dca45e036deba52f4e2a\">\n#top .av-special-heading.av-av_heading-7332d2eed557dca45e036deba52f4e2a{\npadding-bottom:0;\n}\nbody .av-special-heading.av-av_heading-7332d2eed557dca45e036deba52f4e2a .av-special-heading-tag .heading-char{\nfont-size:25px;\n}\n.av-special-heading.av-av_heading-7332d2eed557dca45e036deba52f4e2a .av-subheading{\nfont-size:15px;\n}\n<\/style>\n<div  class='av-special-heading av-av_heading-7332d2eed557dca45e036deba52f4e2a av-special-heading-h1 blockquote modern-quote modern-centered  avia-builder-el-2  el_after_av_one_full  el_before_av_hr '><h1 class='av-special-heading-tag'  itemprop=\"headline\"  >Det b\u00e4sta extrajobbet!<\/h1><div class=\"special-heading-border\"><div class=\"special-heading-inner-border\"><\/div><\/div><\/div>\n<div  class='hr av-av_hr-bad5bc90bcef2f12297bff634a297b07 hr-short  avia-builder-el-3  el_after_av_heading  el_before_av_one_half  hr-center'><span class='hr-inner '><span class=\"hr-inner-style\"><\/span><\/span><\/div>\n<div class='flex_column av-av_one_half-2a9015ff38129c418a3f2eafba3e9512 av_one_half  avia-builder-el-4  el_after_av_hr  el_before_av_one_half  first flex_column_div '     ><section  class='av_textblock_section av-av_textblock-0366cc7376be6c9e82a3e9cc8987b64f'  itemscope=\"itemscope\" itemtype=\"https:\/\/schema.org\/CreativeWork\" ><div class='avia_textblock'  itemprop=\"text\" ><p>\u00c4r du en ut\u00e5triktad och glad person, som har l\u00e4tt f\u00f6r att ta\u00a0alla typer av m\u00e4nniskor och grupper? G\u00e4rna\u00a0hugger i om\u00a0det beh\u00f6vs, inte vet vad &#8216;problem&#8217; betyder\u00a0och g\u00e4rna\u00a0bjuder p\u00e5 dig sj\u00e4lv? Du kanske pluggar, driver\u00a0ett eget f\u00f6retag eller jobbar deltid. Ja, d\u00e5 l\u00e5ter det som att du \u00e4r\u00a0den perfekta eventledaren!<\/p>\n<\/div><\/section><\/div>\n<div class='flex_column av-av_one_half-f78fb3c186c5ceb3cf0bf54353219056 av_one_half  avia-builder-el-6  el_after_av_one_half  el_before_av_hr  flex_column_div '     ><section  class='av_textblock_section av-av_textblock-0366cc7376be6c9e82a3e9cc8987b64f'  itemscope=\"itemscope\" itemtype=\"https:\/\/schema.org\/CreativeWork\" ><div class='avia_textblock'  itemprop=\"text\" ><p>Vi har idag kontor i Stockholm, G\u00f6teborg och Malm\u00f6. Men ocks\u00e5 l\u00f6pande verksamhet i fr\u00e4mst Uppsala och Helsingborg.<\/p>\n<p>L\u00e5ter det h\u00e4r jobbet som\u00a0klippt och skuret f\u00f6r dig? Tveka d\u00e5 inte att ta kontakt med oss!<\/p>\n<p>Vi h\u00e5ller vanligtvis tv\u00e5 st\u00f6rre anst\u00e4llningsomg\u00e5ngar per \u00e5r; en p\u00e5 v\u00e5ren och en p\u00e5 h\u00f6sten. Men \u00e4r du r\u00e4tt person s\u00e5 kan det finnas \u00f6ppningar d\u00e4r emellan.<\/p>\n<\/div><\/section><\/div>\n<div  class='hr av-av_hr-dcd2069817a0e3d34ae04cad8f3443c7 hr-default  avia-builder-el-8  el_after_av_one_half  el_before_av_two_fifth '><span class='hr-inner '><span class=\"hr-inner-style\"><\/span><\/span><\/div>\n<div class='flex_column av-av_two_fifth-2a9015ff38129c418a3f2eafba3e9512 av_two_fifth  avia-builder-el-9  el_after_av_hr  avia-builder-el-last  first flex_column_div '     ><p>\n<style type=\"text\/css\" data-created_by=\"avia_inline_auto\" id=\"style-css-av-av_heading-67d486a7711091f7fed8ce0a1353734d\">\n#top .av-special-heading.av-av_heading-67d486a7711091f7fed8ce0a1353734d{\npadding-bottom:10px;\ncolor:#5b5b5b;\n}\nbody .av-special-heading.av-av_heading-67d486a7711091f7fed8ce0a1353734d .av-special-heading-tag .heading-char{\nfont-size:25px;\n}\n.av-special-heading.av-av_heading-67d486a7711091f7fed8ce0a1353734d .special-heading-inner-border{\nborder-color:#5b5b5b;\n}\n.av-special-heading.av-av_heading-67d486a7711091f7fed8ce0a1353734d .av-subheading{\nfont-size:15px;\n}\n<\/style>\n<div  class='av-special-heading av-av_heading-67d486a7711091f7fed8ce0a1353734d av-special-heading-h2 custom-color-heading blockquote modern-quote modern-centered  avia-builder-el-10  el_before_av_textblock  avia-builder-el-first '><h2 class='av-special-heading-tag'  itemprop=\"headline\"  >Skicka din ans\u00f6kan<\/h2><div class=\"special-heading-border\"><div class=\"special-heading-inner-border\"><\/div><\/div><\/div><br \/>\n<section  class='av_textblock_section av-av_textblock-0366cc7376be6c9e82a3e9cc8987b64f'  itemscope=\"itemscope\" itemtype=\"https:\/\/schema.org\/CreativeWork\" ><div class='avia_textblock'  itemprop=\"text\" ><div role=\"form\" class=\"wpcf7\" id=\"wpcf7-f468-o1\" lang=\"sv-SE\" dir=\"ltr\">\n<div class=\"screen-reader-response\"><p role=\"status\" aria-live=\"polite\" aria-atomic=\"true\"><\/p> <ul><\/ul><\/div>\n<form action=\"\/skola\/wp-json\/wp\/v2\/pages\/225#wpcf7-f468-o1\" method=\"post\" class=\"wpcf7-form init\" enctype=\"multipart\/form-data\" novalidate=\"novalidate\" data-status=\"init\">\n<div style=\"display: none;\">\n<input type=\"hidden\" name=\"_wpcf7\" value=\"468\" \/>\n<input type=\"hidden\" name=\"_wpcf7_version\" value=\"5.6.4\" \/>\n<input type=\"hidden\" name=\"_wpcf7_locale\" value=\"sv_SE\" \/>\n<input type=\"hidden\" name=\"_wpcf7_unit_tag\" value=\"wpcf7-f468-o1\" \/>\n<input type=\"hidden\" name=\"_wpcf7_container_post\" value=\"0\" \/>\n<input type=\"hidden\" name=\"_wpcf7_posted_data_hash\" value=\"\" \/>\n<\/div>\n<p>Namn *<br \/>\n    <span class=\"wpcf7-form-control-wrap\" data-name=\"your-name\"><input type=\"text\" name=\"your-name\" value=\"\" size=\"40\" class=\"wpcf7-form-control wpcf7-text wpcf7-validates-as-required\" aria-required=\"true\" aria-invalid=\"false\" \/><\/span> <\/p>\n<p>E-post *<br \/>\n    <span class=\"wpcf7-form-control-wrap\" data-name=\"your-email\"><input type=\"email\" name=\"your-email\" value=\"\" size=\"40\" class=\"wpcf7-form-control wpcf7-text wpcf7-email wpcf7-validates-as-required wpcf7-validates-as-email\" aria-required=\"true\" aria-invalid=\"false\" \/><\/span> <\/p>\n<p>Telefon<br \/>\n    <span class=\"wpcf7-form-control-wrap\" data-name=\"telefon\"><input type=\"text\" name=\"telefon\" value=\"\" size=\"40\" class=\"wpcf7-form-control wpcf7-text\" aria-invalid=\"false\" \/><\/span> <\/p>\n<p>Stad<br \/>\n<span class=\"wpcf7-form-control-wrap\" data-name=\"menu-156\"><select name=\"menu-156\" class=\"wpcf7-form-control wpcf7-select\" id=\"Stad\" aria-invalid=\"false\"><option value=\"Stockholm\">Stockholm<\/option><option value=\"G\u00f6teborg\">G\u00f6teborg<\/option><option value=\"Malm\u00f6\">Malm\u00f6<\/option><\/select><\/span>\n <\/p>\n<p>Bifoga CV :<br \/>\n<span class=\"wpcf7-form-control-wrap\" data-name=\"file-414\"><input type=\"file\" name=\"file-414\" size=\"40\" class=\"wpcf7-form-control wpcf7-file\" accept=\"audio\/*,video\/*,image\/*\" aria-invalid=\"false\" \/><\/span><\/p>\n<p>Bifoga Personligt brev:<br \/>\n<span class=\"wpcf7-form-control-wrap\" data-name=\"file-415\"><input type=\"file\" name=\"file-415\" size=\"40\" class=\"wpcf7-form-control wpcf7-file\" accept=\"audio\/*,video\/*,image\/*\" aria-invalid=\"false\" \/><\/span><\/p>\n<p>Bifoga Bild:<br \/>\n<span class=\"wpcf7-form-control-wrap\" data-name=\"file-416\"><input type=\"file\" name=\"file-416\" size=\"40\" class=\"wpcf7-form-control wpcf7-file\" accept=\"audio\/*,video\/*,image\/*\" aria-invalid=\"false\" \/><\/span><\/p>\n<p>Bifoga \u00d6vrig fil:<br \/>\n<span class=\"wpcf7-form-control-wrap\" data-name=\"file-417\"><input type=\"file\" name=\"file-417\" size=\"40\" class=\"wpcf7-form-control wpcf7-file\" accept=\"audio\/*,video\/*,image\/*\" aria-invalid=\"false\" \/><\/span><\/p>\n<p><input type=\"submit\" value=\"Skicka\" class=\"wpcf7-form-control has-spinner wpcf7-submit\" \/><\/p>\n<div class=\"wpcf7-response-output\" aria-hidden=\"true\"><\/div><\/form><\/div>\n<\/div><\/section><\/p><\/div>\n","protected":false},"excerpt":{"rendered":"","protected":false},"author":2,"featured_media":0,"parent":0,"menu_order":0,"comment_status":"closed","ping_status":"closed","template":"","meta":[],"_links":{"self":[{"href":"https:\/\/activity.se\/skola\/wp-json\/wp\/v2\/pages\/225"}],"collection":[{"href":"https:\/\/activity.se\/skola\/wp-json\/wp\/v2\/pages"}],"about":[{"href":"https:\/\/activity.se\/skola\/wp-json\/wp\/v2\/types\/page"}],"author":[{"embeddable":true,"href":"https:\/\/activity.se\/skola\/wp-json\/wp\/v2\/users\/2"}],"replies":[{"embeddable":true,"href":"https:\/\/activity.se\/skola\/wp-json\/wp\/v2\/comments?post=225"}],"version-history":[{"count":27,"href":"https:\/\/activity.se\/skola\/wp-json\/wp\/v2\/pages\/225\/revisions"}],"predecessor-version":[{"id":838,"href":"https:\/\/activity.se\/skola\/wp-json\/wp\/v2\/pages\/225\/revisions\/838"}],"wp:attachment":[{"href":"https:\/\/activity.se\/skola\/wp-json\/wp\/v2\/media?parent=225"}],"curies":[{"name":"wp","href":"https:\/\/api.w.org\/{rel}","templated":true}]}}